+ 17)?
-1
What is the value of 8 - (5 - (2 + -1))?
4
-2 - (5 + (1 - 4) - 0)
-4
-3 - (7 + -1 - 9) - 5
-5
Evaluate 11 - (15 + -5 + -6).
7
What is 1 + 0 + (-13 + 4 - -14)?
6
What is (-1 - -1) + -4 + 148 + -148?
-4
What is the value of 1 - 3 - (2 - (7 + 0))?
3
(2 - (3 + 2)) + 3 - 1
-1
Calculate (68 - 73) + 0 + 1.
-4
-7 + 14 - (3 - 0)
4
Evaluate (-1 - 1 - (0 + 0)) + 1.
-1
Calculate 1 - (-1 + 4 + 4).
-6
What is 3 - 7 - (3 + -7)?
0
What is -4 - ((-3 + 0 - 0) + -5)?
4
(2 - (5 - 0)) + 1
-2
Evaluate 5 + (-8 - (-4 + 4 + -4)).
1
What is 3 - (-2 + 7 + 1)?
-3
Calculate 3 + -2 - (0 - 1).
2
(4 - (4 - 3)) + -3
0
What is 1 - -1 - (-22 - -17) - 3?
4
Calculate -3 - (-5 - (-4 + -4 - -4)).
-2
Calculate 4 - (11 - 7) - 2 - -2.
0
Calculate -20 + 12 - -6 - (-2 + 6).
-6
Evaluate 8 + (-4 + 0 - 0).
4
Calculate 2 - 4 - (-4 + 2 - 0).
0
Evaluate 1 + (0 - (3 + 3)).
-5
What is -8 - (5 + (4 - 22))?
5
-6 - (5 + -15 + (-2 - -8))
-2
Calculate 0 + (-13 - -10) - -10.
7
Evaluate (4 - (4 - (-6 + 7))) + 0.
1
Evaluate 10 - (5 + 8) - (-5 - 1).
3
(-1 - -9) + -20 - -10
-2
What is -9 - (-6 + -1 + -4)?
2
What is 26 + -32 - (1 + (-1 - -2))?
-8
What is (53 - 55) + -5 + 0?
-7
Evaluate (-10 - -3) + 8 - -6.
7
9 + -23 - (0 - 11)
-3
What is (-2 - (-1 - -1)) + 1 + 2?
1
Calculate (-5 - (13 - 24)) + -8.
-2
What is the value of -8 - (3 - (5 - (7 - 8)))?
-5
(3 - 7 - 3) + -16 + 25
2
Evaluate (7 - (-7 + 8)) + 1 + -3.
4
What is the value of -6 + -12 + 11 + -4 + 2?
-9
Evaluate 11 - ((9 - 0) + -4).
6
What is the value of 19 + -20 + (0 - -2)?
1
Calculate 14 + (1 - -4 - 3 - 7).
9
Calculate -8 + 0 + 7 - (-2 - -6).
-5
Evaluate 2 + 3 + -7 + -1.
-3
Evaluate -4 - 11 - -5 - -6.
-4
Evaluate 9 + -2 - (6 + -4 + 3).
2
Calculate 16 + (-28 - (-24 + 11)).
1
What is -17 + (12 - (-10 + 11))?
-6
Evaluate 265 + -257 - (-2 + 1 + 2).
7
Evaluate (0 - -1 - -4) + 113 + -108.
10
What is (0 - 2) + 4 + -2?
0
Evaluate -4 + (-3 - 0 - -9).
2
What is the value of -7 - (-3 + 0 - -2)?
-6
What is -7 - (2 + -12 + 7)?
-4
Calculate (-15 - -15) + -1 + 1.
0
Evaluate -2 - -5 - (7 - 8).
4
(3 - 1) + 0 + -1
1
Evaluate 0 - (-7 + 2) - (21 - 22).
6
(1 - -5) + (-19 - (-17 - -2))
2
Calculate -9 + (8 - -4) + 0.
3
(-1 - (-4 + 6)) + 6
3
Evaluate -3 - (0 + 5) - -4.
-4
Calculate 0 + -2 + 2 - (-2 - -1).
1
What is -5 - (-2 - 2 - (-6 - -4))?
-3
1 - (-12 + 9) - 7
-3
What is 10 - (10 - 8) - 2?
6
Calculate 2 - (5 + -4) - 3.
-2
What is the value of 23 - 35 - (-4 - 2)?
-6
Evaluate 0 - (0 + (2 - -1)).
-3
Calculate (4 + -5 + -1 - 1) + 0.
-3
Evaluate (17 - (5 + -1)) + (-9 - -4).
8
Calculate -5 - -2 - -4 - (-1 - -6).
-4
Calculate 7 + (2 - -8 - 10).
7
Calculate -11 + (0 - -5 - 2 - -2).
-6
What is the value of 7 + -14 - -5 - -6?
4
2 - 8 - (-10 - -8)
-4
Evaluate 0 + 4 + -145 + 143.
2
Evaluate -2 - (-11 - -7 - (-3 - -1)).
0
What is the value of -8 - -4 - (3 - (-3 - -17))?
7
What is (2 - 9) + 3 - (-7 - -2)?
1
What is the value of -362 + 358 + (-1 - -1 - 6)?
-10
5 + -4 + (1 - 6 - -7)
3
-5 + (-4 - -3) - -4
-2
(3 - (0 - -8)) + 1 - -5
1
What is 3 - 5 - (-6 + 9)?
-5
What is (-2 - 0) + (-5 - (-3 + -5))?
1
What is (7 - 10) + (5 - (0 + 2))?
0
What is -9 - ((-12 - 1) + 7)?
-3
Evaluate 6 + -2 + -4 + 2.
2
0 + -1 + 1 + 42 + -40
2
What is the value of -4 - (-7 + (6 - 2) + -1)?
0
What is -8 + 3 + 6 + -6?
-5
What is -4 - (0 - 7) - -1?
4
What is the value of -7 + (-9 - -14 - -7)?
5
Evaluate (2 - -6) + -7 - -8 - 7.
2
3 + (9 - (7 + -6))
11
-1 + 1 + -3 + 2
-1
Evaluate 5 + (-3 - (-1 - 1) - 2).
2
8 + (-2 - -4 - 6)
4
Calculate 5 - (-2 + 7) - (0 + 4).
-4
1 + (4 - -2 - 3)
4
What is 130 + -125 - (4 + 0 + -1)?
2
What is (4 - 1) + 0 + -16 + 9?
-4
Calculate -8 + (-1 - -2) + 2.
-5
What is the value of -4 - 1 - (-19 - (7 + -22))?
-1
What is (-5 + 13 - 2) + -4?
2
4 - (5 + (-5 - -3 - 1))
2
What is 8 - 5 - (-2 + 1) - -3?
7
What is (5 - (-3 - (0 + 2))) + -2?
8
What is (15 - 16) + (-1 - 3) - -7?
2
Calculate -4 - (3 - (4 + 1)).
-2
Evaluate 17 - 20 - (4 + -15).
8
Evaluate (6 - 1 - (1 + -1)) + -4.
1
What is (2 - -1) + (-1 - -3 - 3)?
2
What is the value of 13 + 1 + (21 - 29)?
6
What is the value of (3 - 7 - 2) + (0 - -1)?
-5
(-6 - -2) + 15 + -17
-6
Evaluate 5 + -1 - (0 + 2 + 7).
-5
Calculate (-6 - 3) + (-40 - -44).
-5
What is the value of 1 + -7 + -2 + 4 + 3?
-1
Evaluate 6 - (5 - (4 + -3)).
2
What is the value of 0 - (-6 - (5 - (-6 + 15)))?
2
Evaluate -2 - (3 + 2 + -5).
-2
What is the value of (4 - (0 - 4)) + -3?
5
Evaluate -10 + -5 + 19 + -2.
2
What is the value of -4 - ((0 - (1 + 2)) + 0)?
-1
What is 5 + -11 + (2 - 2) + 4?
-2
Evaluate 1 + (1 + 0 - 4).
-2
(4 - 15) + 0 + 2
-9
Calculate -10 + 7 - -23 - 11.
9
Evaluate 3 + -2 - (4 - 1).
-2
Evaluate 0 + (1 + -2 - (-29 - -33)).
-5
-2 - (-4 + -1 + 1 + 1)
1
What is the value of 3 - ((1 - (-3 - -4)) + -1)?
4
Calculate (2 - 0) + -8 + (3 - 2).
-5
Calculate -15 + 13 - (-17 + 0 + 5).
10
What is -10 + -3 + 30 - 8?
9
Evaluate -6 + 6 + -4 + 5.
1
Calculate -3 + 0 + (-4 - -3 - -3).
-1
Evaluate -6 - -3 - (4 + -5).
-2
24 - 24 - (1 + -4)
3
Evaluate 2 - (1 - (-1 - -1)).
1
Evaluate -2 + 3 + -2 + 3.
2
(-3 - (-1 + 2)) + 12 - 3
5
Evaluate 1 - (-4 - 3 - -11 - -3).
-6
What is the value of (1 - -1) + (-4 - (-11 - -9))?
0
Calculate -4 - -6 - (-1 - 1 - -8).
-4
(4 - -5 - 9) + 6
6
What is the value of 13 + (-6 - 1) + -8?
-2
What is the value of -2 + (5 - 2) - (-7 + 10)?
-2
Calculate -4 - -5 - (-1 + (0 - 3)).
5
0 - (4 - 2) - (-5 + 3)
0
Calculate (-4 - 0 - -5) + 4.
5
What is (40 - 5) + -29 - (5 - 0)?
1
-1 - (-1 + 2 + 3 + -2)
-3
What is (4 - 5) + -3 + -1?
-5
What is the value of -13 + (9 - (11 - 25))?
10
(-8 - ((1 - -6) + -21)) + -11
-5
Evaluate 8 + (-11 - 2) + 0 + 0.
-5
Calculate -3 - ((-1 - 5) + -6 - -6).
3
What is the value of -4 + 9 - (-2 + 1)?
6
Calculate 7 - (2 - (9 + -8)).
6
What is -1 - 2 - (4 - 7)?
0
Evaluate -9 - (2 - (3 + 5) - 0).
-3
2 - (0 + -4 + 16 + -14)
4
Calculate (3 - -3) + -5 + (-3 - -6).
4
What is the value of (3 - -2) + (-7 - -9) + -3?
4
What is the value of -9 + (18 - 4) - -3?
8
Calculate -2 - (-4 + 0 + 7).
-5
What is the value of 2 + -1 + 0 + 3 + -3?
1
-6 + -5 - -6 - (-7 - 1)
3
Evaluate 1 + (11 - 8 - (-2 - -1)).
5
Evaluate -8 - -7 - -6 - (1 - 1).
5
Calculate -5 + (8 - -3) - 4.
2
What is the value of 5 + 11 + -10 + (2 - 3)?
5
What is the value of -3 + (4 - 0) + -1 + 3?
3
(15 - 7) + (-5 - 0)
3
Evaluate (-1 - 6 - -1) + 5.
-1
What is (8 + -8 - 0) + -5 + 2?
-3
What is -36 - -37 - (-1 - -11 - 2)?
-7
Calculate (47 - 51) + -2 + 4 + 4.
2
Calculate -3 - 5 - -5 - 1.
-4
Calculate 72 + -78 + 9 + -1.
2
Evaluate -11 + 5 + 1 + (0 - 0).
-5
Evaluate -3 - 4 - 4 - -12.
1
What is the value of (-3 - -3) + 1 + -2?
-1
Evaluate -4 + 0 + -3 + 10.
3
Evaluate -1 + -1 + 19 + -7 + 0.
10
Evaluate 0 + (-3 - -1) - (0 - 1).
-1
What is (-1 - 1) + 22 + -15 - 9?
-4
Evaluate 3 - (3 + (6 - 2)).
-4
Calculate -8 + -6 + (17 - 10).
-7
Calculate -7 - (-7 + 3 + -7).
4
Evaluate -6 + 4 + 0 - (4 + 0).
-6
Evaluate -1 - 2 - (-10 + 4).
3
Evaluate 4 + (-6 - -7) + (-4 - -1).
2
Evaluate 2 + -12 + (155 - 153).
-8
Evaluate -8 + -1 - (-2 + -10).
3
Calculate -8 + 13 - (6 - 2).
1
What is 1 - (2 + -4) - (-11 - -9)?
5
Evaluate (29 - 27) + 1 + -4.
-1
Evaluate -5 + 0 - (4 + -4).
-5
-20 + 43 + -22 + (0 - 1)
0
Calculate (7 - 16 - -14) + -9.
-4
What is the value of 3 - (-8 + 18) - 0?
-7
What is the value of 3 - (-5 + 6) - (-2 - -4)?
0
10 + (-8 - (-1 + (6 - 11)))
8
Calculate -1 - 0 - (-12 - -15).
-4
What is -1 + -6 + 4 + 10 + 0?
7
Evaluate -38 - -46 - (3 + 3 - -1).
1
Evaluate (-4 + -2 + 10 - 6) + 1.
-1
Evaluate 3 - (-2 - (-5 - 1)).
-1
What is 4 + -7 + -4 - -2?
-5
-7 - -10 - (4 - (0 + 1))
0
What is the value of -9 + 8 + 1 + -4?
-4
Evaluate 4 + (1 - 3 - 0 - 5).
-3
What is the value of 6 + -18 + 6 - -7?
1
Evaluate 6 - 16 - (7 - 18).
1
What is 5 + (-18 - -13) + 7?
7
What is the value of (-1 - -3 - 8) + 7?
1
What is the value of 2 + 1 - (-1 - (2 + -2))?
4
0 + (-5 + 3 - (2 - -1))
-5
What is the value of 10 - ((-5 - -7) + 3)?
5
Calculate (4 - 4 - 6) + 12.
6
Evaluate (0 + -2 + 7 - 8) + 1.
-2
What is the value of -2 + -2 - (-1 - (0 - -3))?
0
Calculate 1 + (-1 - (0 + -1 + -2)).
3
1 - (-2 + (-4 - -14))
-7
-2 + (-1 - 0) + (5 - 1)
1
What is 0 + 5 - (2 + 2)?
1
What is -1 + 0 - (-10 - -33 - 17)?
-7
What is -3 - -6 - 3 - (-2 - -3)?
-1
49 - 49 - (-2 - 4)
6
Calculate 0 + -9 + -4 + (13 - 7).
-7
(-6 - (-18 - -7)) + 0
5
Evaluate 1 + (4 - (-2 + 2)).
5
(-2 - (0